 -2*u - 2*u. What is the greatest common factor of u and 63?
21
Suppose -16 = -4*y - 3*i, -7*i = -2*y - 2*i + 8. Let w be y/(-14) - 568/(-28). Calculate the greatest common divisor of w and 220.
20
Suppose -2*t = 3*a, -2*t + 4*a + 46 = 3*t. Calculate the greatest common factor of t and 30.
6
Let j be 2/((30/(-27))/(-5)). What is the greatest common divisor of j and 72?
9
Suppose -8*a + 3*a + 225 = 0. What is the greatest common divisor of 30 and a?
15
Suppose 74 = 3*f + 20. Calculate the highest common divisor of 162 and f.
18
Let x(w) = 5*w + 7. Let o be (18/(-21))/((-3)/21). Let r be x(o). Suppose 5*m = 4*u - 43, -5*u + 43 = -m - r. Calculate the greatest common factor of 85 and u.
17
Suppose -b = 2*p - 42, -130 = -6*b + 3*b - 4*p. Suppose -b = -2*o + 34. What is the highest common factor of 16 and o?
8
Suppose 11 - 83 = -2*o. What is the highest common factor of 18 and o?
18
Let x be -6 + (0 - -2*1). Let u(m) = m - 5. Let d be u(x). Let o be (-33)/2*6/d. What is the highest common divisor of 44 and o?
11
Suppose 0 = 2*i + 4*i - 168. Suppose -2*o - 16 = -6*o + 4*w, 4*w - 4 = -o. Calculate the greatest common factor of i and o.
4
Let o be 13/5 - (-21)/(-35). Let a be (-405)/(-6) - 2/4. Suppose o*w + 17 = a. Calculate the greatest common divisor of w and 200.
25
Let p be (-4)/12 - (-26)/(-3). Let q = 14 + p. Calculate the highest common factor of q and 5.
5
Let j be 1/(0 + 1/7). Let q(w) = -3 + 0 - w**2 + 2 + 11*w. Let m be q(j). What is the highest common factor of 18 and m?
9
Let v(y) = -2*y**3 - y**2 + 2*y + 2. Let r be v(-2). Let o = -30 - 50. Let c = -30 - o. Calculate the greatest common factor of c and r.
10
Let n(b) = b**2 + 8*b + 6. Let c be n(-5). Let t = c + 16. What is the highest common factor of t and 77?
7
Suppose 0 = -2*z + 4*z - 24. Let q be ((-124)/z - -2)*-3. What is the highest common divisor of 75 and q?
25
Suppose -4*h + 172 = -2*h - b, 16 = -4*b. Let k be 4/(-2 - 7/(-3)). Calculate the highest common divisor of k and h.
12
Suppose -2*z + 4*x + 104 = 0, 2*z - 82 = z - 4*x. Suppose -3*y + 5*y + 158 = 3*j, 0 = j - 3*y - z. What is the greatest common divisor of 20 and j?
10
Let a(q) = -q**3 - 8*q**2 + 3*q - 6. Let s be a(-8). Let p be (6/15)/((-2)/s). Suppose 0 = 5*r - p - 24. Calculate the greatest common divisor of 66 and r.
6
Suppose b - 5*m - 135 = -b, 4*m = b - 60. Suppose 25*a - 250 = -0*a. Calculate the greatest common divisor of b and a.
10
Let o be (160/(-6))/(2/(-9)). Let f(x) = 4*x**2. Let g be f(1). Suppose 2*l - o = -4*j, j - 3*l - 32 = -g*l. What is the highest common divisor of 4 and j?
4
Let p = 6 - 3. Suppose -5*c = -l + 5, p*c = -2*l + 4*c + 10. Calculate the highest common divisor of 20 and l.
5
Let s(h) = -2*h**2 - 21*h. Let o be s(-8). Calculate the greatest common factor of 8 and o.
8
Suppose 8 = 3*q - 43. Let k(n) = 1 - 5 + 3 + 30*n. Let u be k(4). What is the highest common factor of q and u?
17
Let s(q) = 13*q**2 + q - 1. Suppose -2*f + 5*f = 3. Let r be s(f). What is the greatest common factor of 143 and r?
13
Suppose 2*v = -3*y + 33, 55 = 5*y + 2*v - v. Let i = 6 - 1. Let f be (22/(-5))/((-1)/i). What is the greatest common factor of f and y?
11
Suppose -3*g - 5 = 2*w - 6*g, w = -g + 5. Calculate the greatest common factor of w and 4.
2
Suppose -2*x + 102 = 4*g, 5*g - 183 = -3*x - 55. Suppose -20 = -3*w + g. Calculate the highest common factor of 60 and w.
15
Suppose -2*u - 11 = -141. What is the highest common divisor of 26 and u?
13
Let l = 44 - -26. Suppose -5*u + l + 45 = 0. What is the greatest common divisor of 92 and u?
23
Let u = -14 + 40. What is the highest common divisor of u and 208?
26
Let o be -18 + 1*(-2 - -1). Let s = o + 38. Calculate the highest common divisor of 57 and s.
19
Suppose -4 = -2*c - 5*w - 85, 5*w = -25. Let l be (4 + -2)*c/(-8). Let v = l - 4. What is the greatest common divisor of 21 and v?
3
Let m = 4 - -14. Let l be 4/m - (-2174)/18. Let j(w) = 6*w - 1. Let r be j(2). Calculate the highest common divisor of l and r.
11
Let u be (-10)/35 - 30/(-7). Let x be 5/(-15) - (-38)/6. What is the highest common divisor of x and u?
2
Suppose 200 = 5*n - i, 5*n + 3*i = 9*n - 149. Calculate the highest common divisor of 123 and n.
41
Suppose 2*j + 3*j = 35. Suppose 28 = -3*d + 7*d. What is the greatest common divisor of d and j?
7
Let m = 1 - 4. Let o be (4/m)/((-5)/15). Let i be 6 + 1 + o + -2. Calculate the greatest common divisor of i and 72.
9
Let j(b) = -7*b - 52. Let t be j(-8). Calculate the highest common divisor of 44 and t.
4
Let z(w) = 3*w**2 - 5*w - 1. Let y be z(-8). What is the highest common divisor of y and 21?
21
Suppose -9*j + 394 = -596. Calculate the highest common factor of j and 11.
11
Let l be 4 + (-2 - 1) - 1. Suppose -9 = 3*j, l*o = 2*o + j - 77. What is the greatest common divisor of 100 and o?
20
Let q = -87 + 159. Suppose g = 1 + 8. Calculate the highest common factor of q and g.
9
Let m(y) = 9*y - y**2 + 0*y**2 - 11 + 5*y. Let l be m(11). What is the greatest common factor of l and 33?
11
Let q = 0 + 3. Let a be (-40)/q*12/(-10). Let n be ((-1)/2)/(1/(-16)). What is the greatest common factor of n and a?
8
Suppose -3*q - 6*u + 22 = -2*u, 4*q + 4*u = 28. Let o(l) = -5*l + 26. Let y be o(-8). What is the greatest common divisor of y and q?
6
Let y = 461 - 293. Suppose 2*d + 2*v - 25 = 17, 3*d + 2*v - 66 = 0. What is the highest common factor of d and y?
24
Let r be 0 + 42 - 2/2. Suppose 0 = 5*h - r - 259. Let i(z) = 2*z + 3. Let v be i(6). What is the greatest common factor of h and v?
15
Let i(g) = -2*g. Let m be i(1). Let v be (-2)/(m/88*2). Suppose 6*y = -0*y + 66. What is the highest common factor of y and v?
11
Let w be 65/7 - 6/21. Let a(z) be the third derivative of -z**6/120 - z**5/30 - z**4/8 + z**2. Let h be a(-3). Calculate the greatest common factor of h and w.
9
Suppose 0 = -0*r - 5*r + 35. Let f(n) = 3*n**2 + 3*n + 8. Let h be f(8). Suppose r*l - h = 3*l. What is the greatest common factor of 14 and l?
14
Let w(q) = q - 9. Let d be w(9). Suppose 8 = 4*x - 3*x - 5*u, 5*x - u - 88 = d. Calculate the greatest common divisor of x and 27.
9
Let d be -17*2*-1 - 4. Calculate the highest common factor of 40 and d.
10
Suppose -2*f - 3 + 19 = 0. Suppose 6*d - 3*d - 3 = 0. Calculate the greatest common divisor of d and f.
1
Let j be 3*-1 - (6 - 1). Let b be 168/32 + 2/j. Calculate the highest common factor of b and 5.
5
Let s = -15 + 33. Calculate the greatest common divisor of s and 12.
6
Suppose 2*v = 3*v - 3. Let h be 3 - 6 - 0 - -5. What is the highest common factor of h and v?
1
Let q be ((-84)/(-8))/(9/12). Calculate the highest common factor of q and 49.
7
Let a be (-66)/(-4) + 2/4. Let x = 262 - 143. Calculate the greatest common divisor of x and a.
17
Let g = 197 + -185. Calculate the highest common divisor of 54 and g.
6
Let p = 77 + -68. What is the greatest common divisor of p and 99?
9
Let t(l) = 3*l - 4. Let f be t(3). Suppose -f*a = -81 - 89. Calculate the highest common factor of a and 272.
34
Let d(p) = -47*p - 227. Let u be d(-5). Let r(l) = 2*l**2 + 4*l. Let q be r(-4). Calculate the highest common factor of u and q.
8
Suppose -4*b + b + 6 = 0. Suppose -g - b = -2*g, -4*m - g = -66. Calculate the greatest common factor of 64 and m.
16
Let d = 23 + -12. Calculate the greatest common factor of d and 88.
11
Let c be 520/12 + 16/(-12). What is the highest common factor of 7 and c?
7
Suppose a = 6*a. Suppose 2*f + 3*i - 8 = a, -2*f + 4*i + 18 = -18. Let d be f/(-3*(-2)/48). Calculate the highest common divisor of d and 10.
10
Let p = 22 + -21. What is the greatest common divisor of p and 2?
1
Suppose -w + c - 11 = 0, 2*w = -2*w - 2*c - 14. Let j(r) = r**2 + 6*r + 5. Let u be j(w). What is the highest common divisor of u and 2?
1
Suppose 32 = -v + 5*v - 2*u, -4*v - 2*u = -32. Suppose -2*s + 20 = -v. What is the greatest common factor of s and 70?
14
Let f(b) = 2*b - 1. Suppose 2 - 23 = -5*q + 2*i, -4*q = -5*i - 10. Let v be f(q). Let x = 9 + v. What is the greatest common factor of 12 and x?
6
Let g be 3*(4/12 - -1). Suppose g*c - 23 - 12 = s, 3*c = -s + 35. What is the greatest common factor of 5 and c?
5
Suppose -3*c - 9 = 6. Let b = -4 - c. Calculate the highest common factor of b and 2.
1
Suppose 0 = 6*g - 114 - 90. What is t